{"id":6448,"date":"2022-02-02T10:25:13","date_gmt":"2022-02-02T10:25:13","guid":{"rendered":"http:\/\/cscestran.fr\/?page_id=6448"},"modified":"2024-03-21T15:58:44","modified_gmt":"2024-03-21T15:58:44","slug":"soutien-aux-associations-piva","status":"publish","type":"page","link":"https:\/\/cscestran.fr\/?page_id=6448","title":{"rendered":"Soutien aux associations : Guid&rsquo;Asso"},"content":{"rendered":"<div data-colibri-id=\"6448-c1\" class=\"style-857 style-local-6448-c1 position-relative\">\r\n  <!---->\r\n  <div data-colibri-component=\"section\" data-colibri-id=\"6448-c2\" id=\"custom\" class=\"h-section h-section-global-spacing d-flex align-items-lg-center align-items-md-center align-items-center style-858 style-local-6448-c2 position-relative\">\r\n    <!---->\r\n    <!---->\r\n    <div class=\"h-section-grid-container h-section-boxed-container\">\r\n      <!---->\r\n      <div data-colibri-id=\"6448-c3\" class=\"h-row-container gutters-row-lg-2 gutters-row-md-2 gutters-row-0 gutters-row-v-lg-2 gutters-row-v-md-2 gutters-row-v-2 style-863 style-local-6448-c3 position-relative\">\r\n        <!---->\r\n        <div class=\"h-row justify-content-lg-center justify-content-md-center justify-content-center align-items-lg-stretch align-items-md-stretch align-items-stretch gutters-col-lg-2 gutters-col-md-2 gutters-col-0 gutters-col-v-lg-2 gutters-col-v-md-2 gutters-col-v-2\">\r\n          <!---->\r\n          <div class=\"h-column h-column-container d-flex h-col-lg-auto h-col-md-auto h-col-auto style-864-outer style-local-6448-c4-outer\">\r\n            <div data-colibri-id=\"6448-c4\" class=\"d-flex h-flex-basis h-column__inner h-px-lg-2 h-px-md-2 h-px-2 v-inner-lg-2 v-inner-md-2 v-inner-2 style-864 style-local-6448-c4 position-relative\">\r\n              <!---->\r\n              <!---->\r\n              <div class=\"w-100 h-y-container h-column__content h-column__v-align flex-basis-100 align-self-lg-start align-self-md-start align-self-start\">\r\n                <!---->\r\n                <div data-colibri-id=\"6448-c5\" class=\"h-global-transition-all h-heading style-865 style-local-6448-c5 position-relative h-element\">\r\n                  <!---->\r\n                  <div class=\"h-heading__outer style-865 style-local-6448-c5\">\r\n                    <!---->\r\n                    <!---->\r\n                    <h1 class=\"\">Le saviez vous ? Le Centre Socio-Culturel fait partie du r\u00e9seau GUID&rsquo;ASSO<\/h1>\r\n                  <\/div>\r\n                <\/div>\r\n              <\/div>\r\n            <\/div>\r\n          <\/div>\r\n        <\/div>\r\n      <\/div>\r\n      <div data-colibri-id=\"6448-c6\" class=\"h-row-container gutters-row-lg-2 gutters-row-md-2 gutters-row-0 gutters-row-v-lg-2 gutters-row-v-md-2 gutters-row-v-2 style-859 style-local-6448-c6 position-relative\">\r\n        <!---->\r\n        <div class=\"h-row justify-content-lg-center justify-content-md-center justify-content-center align-items-lg-stretch align-items-md-stretch align-items-stretch gutters-col-lg-2 gutters-col-md-2 gutters-col-0 gutters-col-v-lg-2 gutters-col-v-md-2 gutters-col-v-2\">\r\n          <!---->\r\n          <div class=\"h-column h-column-container d-flex h-col-lg-auto h-col-md-auto h-col-auto style-860-outer style-local-6448-c7-outer\">\r\n            <div data-colibri-id=\"6448-c7\" class=\"d-flex h-flex-basis h-column__inner h-px-lg-2 h-px-md-2 h-px-2 v-inner-lg-2 v-inner-md-2 v-inner-2 style-860 style-local-6448-c7 position-relative\">\r\n              <!---->\r\n              <!---->\r\n              <div class=\"w-100 h-y-container h-column__content h-column__v-align flex-basis-100 align-self-lg-start align-self-md-start align-self-start\">\r\n                <!---->\r\n                <div data-colibri-id=\"6448-c8\" class=\"d-block style-861 style-local-6448-c8 position-relative h-element\">\r\n                  <!---->\r\n                  <div class=\"h-image__frame-container-outer\">\r\n                    <div class=\"h-image__frame-container\">\r\n                      <!---->\r\n                      <!---->\r\n                      <img loading=\"lazy\" decoding=\"async\" width=\"1999\" height=\"798\" src=\"https:\/\/cscestran.fr\/wp-content\/uploads\/2021\/03\/cropped-cropped-cropped-banniereV2.png\" class=\"wp-image-6671 style-861-image style-local-6448-c8-image\" alt=\"\" srcset=\"https:\/\/cscestran.fr\/wp-content\/uploads\/2021\/03\/cropped-cropped-cropped-banniereV2.png 1999w, https:\/\/cscestran.fr\/wp-content\/uploads\/2021\/03\/cropped-cropped-cropped-banniereV2-300x120.png 300w, https:\/\/cscestran.fr\/wp-content\/uploads\/2021\/03\/cropped-cropped-cropped-banniereV2-1024x409.png 1024w, https:\/\/cscestran.fr\/wp-content\/uploads\/2021\/03\/cropped-cropped-cropped-banniereV2-768x307.png 768w, https:\/\/cscestran.fr\/wp-content\/uploads\/2021\/03\/cropped-cropped-cropped-banniereV2-1536x613.png 1536w\" sizes=\"auto, (max-width: 1999px) 100vw, 1999px\" \/>\r\n                      <div class=\"h-image__frame h-hide-lg h-hide-md h-hide-sm style-861-frameImage style-local-6448-c8-frameImage\"><\/div>\r\n                    <\/div>\r\n                  <\/div>\r\n                <\/div>\r\n                <div data-colibri-id=\"6448-c9\" class=\"h-text h-text-component style-862 style-local-6448-c9 position-relative h-element\">\r\n                  <!---->\r\n                  <!---->\r\n                  <div class=\"\">\r\n                    <p><span style=\"font-weight: 400; font-size: 15px; font-family: Slack-Lato, appleLogo, sans-serif; color: rgb(29, 28, 29);\">GUID&rsquo;ASSO c\u2019est un r\u00e9seau de Points d\u2019Information pour la Vie Associative, r\u00e9partis sur l\u2019ensemble du territoire et port\u00e9s par une diversit\u00e9 de partenaires : institutions, collectivit\u00e9s, associations.Il s\u2019adresse \u00e0 toutes associations, porteurs de projets, ayant une question sur la vie associative ou qui exprime le besoin d\u2019\u00eatre inform\u00e9. (Recherche de subvention, les ressources disponibles\u2026)Vous pouvez contacter l\u2019association ou nous rencontrer directement en demandant, Marie-Paule, Pauline et Sol\u00e8ne qui seront ravies de vous renseigner.<\/span><\/p>\r\n                  <\/div>\r\n                <\/div>\r\n              <\/div>\r\n            <\/div>\r\n          <\/div>\r\n        <\/div>\r\n      <\/div>\r\n      <div data-colibri-id=\"6448-c10\" class=\"h-row-container gutters-row-lg-2 gutters-row-md-2 gutters-row-0 gutters-row-v-lg-2 gutters-row-v-md-2 gutters-row-v-2 style-1428 style-local-6448-c10 position-relative\">\r\n        <!---->\r\n        <div class=\"h-row justify-content-lg-center justify-content-md-center justify-content-center align-items-lg-stretch align-items-md-stretch align-items-stretch gutters-col-lg-2 gutters-col-md-2 gutters-col-0 gutters-col-v-lg-2 gutters-col-v-md-2 gutters-col-v-2\">\r\n          <!---->\r\n          <div class=\"h-column h-column-container d-flex h-col-lg-auto h-col-md-auto h-col-auto style-1429-outer style-local-6448-c11-outer\">\r\n            <div data-colibri-id=\"6448-c11\" class=\"d-flex h-flex-basis h-column__inner h-px-lg-2 h-px-md-2 h-px-2 v-inner-lg-2 v-inner-md-2 v-inner-2 style-1429 style-local-6448-c11 position-relative\">\r\n              <!---->\r\n              <!---->\r\n              <div class=\"w-100 h-y-container h-column__content h-column__v-align flex-basis-100 align-self-lg-start align-self-md-start align-self-start\">\r\n                <!---->\r\n                <div data-colibri-id=\"6448-c12\" class=\"h-x-container style-1430 style-local-6448-c12 position-relative h-element\">\r\n                  <!---->\r\n                  <div class=\"h-x-container-inner style-dynamic-6448-c12-group style-1430-spacing style-local-6448-c12-spacing\"><span class=\"h-link__outer style-1431-outer style-local-6448-c13-outer d-inline-flex h-element\"><a h-use-smooth-scroll=\"true\" href=\"https:\/\/piva-hdf.fr\/?fbclid=IwAR22g0MZdM_0KwgkQ8PUbh5KL4QXm1wR_BRVG7lD8Sd8lZO7wM0vzBd9ivc\"  data-colibri-id=\"6448-c13\" class=\"d-flex w-100 align-items-center h-link style-1431 style-local-6448-c13 position-relative\"><!----><!----> <span>Piva HDF<\/span><\/a>\r\n                    <\/span>\r\n                  <\/div>\r\n                <\/div>\r\n              <\/div>\r\n            <\/div>\r\n          <\/div>\r\n        <\/div>\r\n      <\/div>\r\n    <\/div>\r\n  <\/div>\r\n  <div data-colibri-component=\"section\" data-colibri-id=\"6448-c14\" id=\"custom-2\" class=\"h-section h-section-global-spacing d-flex align-items-lg-center align-items-md-center align-items-center style-972 style-local-6448-c14 position-relative\">\r\n    <!---->\r\n    <!---->\r\n    <div class=\"h-section-grid-container h-section-boxed-container\">\r\n      <!---->\r\n      <div data-colibri-id=\"6448-c15\" class=\"h-row-container gutters-row-lg-2 gutters-row-md-2 gutters-row-0 gutters-row-v-lg-2 gutters-row-v-md-2 gutters-row-v-2 style-973 style-local-6448-c15 position-relative\">\r\n        <!---->\r\n        <div class=\"h-row justify-content-lg-center justify-content-md-center justify-content-center align-items-lg-stretch align-items-md-stretch align-items-stretch gutters-col-lg-2 gutters-col-md-2 gutters-col-0 gutters-col-v-lg-2 gutters-col-v-md-2 gutters-col-v-2\">\r\n          <!---->\r\n          <div class=\"h-column h-column-container d-flex h-col-lg-auto h-col-md-auto h-col-auto style-974-outer style-local-6448-c16-outer\">\r\n            <div data-colibri-id=\"6448-c16\" class=\"d-flex h-flex-basis h-column__inner h-px-lg-2 h-px-md-2 h-px-2 v-inner-lg-2 v-inner-md-2 v-inner-2 style-974 style-local-6448-c16 position-relative\">\r\n              <!---->\r\n              <!---->\r\n              <div class=\"w-100 h-y-container h-column__content h-column__v-align flex-basis-100 align-self-lg-start align-self-md-start align-self-start\">\r\n                <!---->\r\n                <div data-colibri-id=\"6448-c17\" class=\"h-global-transition-all h-heading style-976 style-local-6448-c17 position-relative h-element\">\r\n                  <!---->\r\n                  <div class=\"h-heading__outer style-976 style-local-6448-c17\">\r\n                    <!---->\r\n                    <!---->\r\n                    <h1 class=\"\">Retrouvez nos associations ci-dessous<\/h1>\r\n                  <\/div>\r\n                <\/div>\r\n              <\/div>\r\n            <\/div>\r\n          <\/div>\r\n        <\/div>\r\n      <\/div>\r\n      <div data-colibri-id=\"6448-c18\" class=\"h-row-container gutters-row-lg-2 gutters-row-md-2 gutters-row-0 gutters-row-v-lg-2 gutters-row-v-md-2 gutters-row-v-2 style-977 style-local-6448-c18 position-relative\">\r\n        <!---->\r\n        <div class=\"h-row justify-content-lg-center justify-content-md-center justify-content-center align-items-lg-stretch align-items-md-stretch align-items-stretch gutters-col-lg-2 gutters-col-md-2 gutters-col-0 gutters-col-v-lg-2 gutters-col-v-md-2 gutters-col-v-2\">\r\n          <!---->\r\n          <div class=\"h-column h-column-container d-flex h-col-lg-auto h-col-md-auto h-col-auto style-978-outer style-local-6448-c19-outer\">\r\n            <div data-colibri-id=\"6448-c19\" class=\"d-flex h-flex-basis h-column__inner h-px-lg-2 h-px-md-2 h-px-2 v-inner-lg-2 v-inner-md-2 v-inner-2 style-978 style-local-6448-c19 position-relative\">\r\n              <!---->\r\n              <!---->\r\n              <div class=\"w-100 h-y-container h-column__content h-column__v-align flex-basis-100 align-self-lg-start align-self-md-start align-self-start\">\r\n                <!---->\r\n                <div data-colibri-id=\"6448-c20\" class=\"h-x-container style-980 style-local-6448-c20 position-relative h-element\">\r\n                  <!---->\r\n                  <div class=\"h-x-container-inner style-dynamic-6448-c20-group style-980-spacing style-local-6448-c20-spacing\"><span class=\"h-link__outer style-981-outer style-local-6448-c21-outer d-inline-flex h-element\"><a h-use-smooth-scroll=\"true\" href=\"https:\/\/cscestran.fr\/?page_id=6845\"  data-colibri-id=\"6448-c21\" class=\"d-flex w-100 align-items-center h-link style-981 style-local-6448-c21 position-relative\"><!----><!----> <span>Culturelles<\/span><\/a>\r\n                    <\/span>\r\n                  <\/div>\r\n                <\/div>\r\n                <div data-colibri-id=\"6448-c22\" class=\"h-x-container style-982 style-local-6448-c22 position-relative h-element\">\r\n                  <!---->\r\n                  <div class=\"h-x-container-inner style-dynamic-6448-c22-group style-982-spacing style-local-6448-c22-spacing\"><span class=\"h-link__outer style-983-outer style-local-6448-c23-outer d-inline-flex h-element\"><a h-use-smooth-scroll=\"true\" href=\"https:\/\/cscestran.fr\/?page_id=7524\"  data-colibri-id=\"6448-c23\" class=\"d-flex w-100 align-items-center h-link style-983 style-local-6448-c23 position-relative\"><!----><!----> <span>Sportives<\/span><\/a>\r\n                    <\/span>\r\n                  <\/div>\r\n                <\/div>\r\n                <div data-colibri-id=\"6448-c24\" class=\"h-x-container style-984 style-local-6448-c24 position-relative h-element\">\r\n                  <!---->\r\n                  <div class=\"h-x-container-inner style-dynamic-6448-c24-group style-984-spacing style-local-6448-c24-spacing\"><span class=\"h-link__outer style-985-outer style-local-6448-c25-outer d-inline-flex h-element\"><a h-use-smooth-scroll=\"true\" href=\"https:\/\/cscestran.fr\/?page_id=7526\"  data-colibri-id=\"6448-c25\" class=\"d-flex w-100 align-items-center h-link style-985 style-local-6448-c25 position-relative\"><!----><!----> <span>Philanthropiques<\/span><\/a>\r\n                    <\/span>\r\n                  <\/div>\r\n                <\/div>\r\n                <div data-colibri-id=\"6448-c26\" class=\"h-x-container style-986 style-local-6448-c26 position-relative h-element\">\r\n                  <!---->\r\n                  <div class=\"h-x-container-inner style-dynamic-6448-c26-group style-986-spacing style-local-6448-c26-spacing\"><span class=\"h-link__outer style-987-outer style-local-6448-c27-outer d-inline-flex h-element\"><a h-use-smooth-scroll=\"true\" href=\"https:\/\/cscestran.fr\/?page_id=7529\"  data-colibri-id=\"6448-c27\" class=\"d-flex w-100 align-items-center h-link style-987 style-local-6448-c27 position-relative\"><!----><!----> <span>F\u00eates et loisirs <\/span><\/a>\r\n                    <\/span>\r\n                  <\/div>\r\n                <\/div>\r\n              <\/div>\r\n            <\/div>\r\n          <\/div>\r\n        <\/div>\r\n      <\/div>\r\n    <\/div>\r\n  <\/div>\r\n<\/div>","protected":false},"excerpt":{"rendered":"<p>Le saviez vous ? Le Centre Socio-Culturel fait partie du r\u00e9seau GUID&rsquo;ASSO GUID&rsquo;ASSO c\u2019est un r\u00e9seau de Points d\u2019Information pour la Vie Associative, r\u00e9partis sur l\u2019ensemble du territoire et port\u00e9s par une diversit\u00e9 de partenaires : institutions, collectivit\u00e9s, associations.Il s\u2019adresse \u00e0 toutes associations, porteurs de projets, ayant une question sur la vie associative ou qui [&hellip;]<\/p>\n","protected":false},"author":1,"featured_media":0,"parent":0,"menu_order":0,"comment_status":"closed","ping_status":"closed","template":"page-templates\/full-width-page.php","meta":{"footnotes":""},"class_list":["post-6448","page","type-page","status-publish","hentry"],"yoast_head":"<!-- This site is optimized with the Yoast SEO plugin v24.9 - https:\/\/yoast.com\/wordpress\/plugins\/seo\/ -->\n<title>Soutien aux associations : Guid&#039;Asso - Centre Socio-Culturel Coeur de Ville<\/title>\n<meta name=\"robots\" content=\"index, follow, max-snippet:-1, max-image-preview:large, max-video-preview:-1\" \/>\n<link rel=\"canonical\" href=\"https:\/\/cscestran.fr\/?page_id=6448\" \/>\n<meta property=\"og:locale\" content=\"fr_FR\" \/>\n<meta property=\"og:type\" content=\"article\" \/>\n<meta property=\"og:title\" content=\"Soutien aux associations : Guid&#039;Asso - Centre Socio-Culturel Coeur de Ville\" \/>\n<meta property=\"og:description\" content=\"Le saviez vous ? Le Centre Socio-Culturel fait partie du r\u00e9seau GUID&rsquo;ASSO GUID&rsquo;ASSO c\u2019est un r\u00e9seau de Points d\u2019Information pour la Vie Associative, r\u00e9partis sur l\u2019ensemble du territoire et port\u00e9s par une diversit\u00e9 de partenaires : institutions, collectivit\u00e9s, associations.Il s\u2019adresse \u00e0 toutes associations, porteurs de projets, ayant une question sur la vie associative ou qui [&hellip;]\" \/>\n<meta property=\"og:url\" content=\"https:\/\/cscestran.fr\/?page_id=6448\" \/>\n<meta property=\"og:site_name\" content=\"Centre Socio-Culturel Coeur de Ville\" \/>\n<meta property=\"article:modified_time\" content=\"2024-03-21T15:58:44+00:00\" \/>\n<meta property=\"og:image\" content=\"http:\/\/cscestran.fr\/wp-content\/uploads\/2021\/03\/cropped-cropped-cropped-banniereV2.png\" \/>\n<meta name=\"twitter:card\" content=\"summary_large_image\" \/>\n<meta name=\"twitter:label1\" content=\"Dur\u00e9e de lecture estim\u00e9e\" \/>\n\t<meta name=\"twitter:data1\" content=\"1 minute\" \/>\n<script type=\"application\/ld+json\" class=\"yoast-schema-graph\">{\"@context\":\"https:\/\/schema.org\",\"@graph\":[{\"@type\":\"WebPage\",\"@id\":\"https:\/\/cscestran.fr\/?page_id=6448\",\"url\":\"https:\/\/cscestran.fr\/?page_id=6448\",\"name\":\"Soutien aux associations : Guid'Asso - Centre Socio-Culturel Coeur de Ville\",\"isPartOf\":{\"@id\":\"https:\/\/cscestran.fr\/#website\"},\"primaryImageOfPage\":{\"@id\":\"https:\/\/cscestran.fr\/?page_id=6448#primaryimage\"},\"image\":{\"@id\":\"https:\/\/cscestran.fr\/?page_id=6448#primaryimage\"},\"thumbnailUrl\":\"http:\/\/cscestran.fr\/wp-content\/uploads\/2021\/03\/cropped-cropped-cropped-banniereV2.png\",\"datePublished\":\"2022-02-02T10:25:13+00:00\",\"dateModified\":\"2024-03-21T15:58:44+00:00\",\"breadcrumb\":{\"@id\":\"https:\/\/cscestran.fr\/?page_id=6448#breadcrumb\"},\"inLanguage\":\"fr-FR\",\"potentialAction\":[{\"@type\":\"ReadAction\",\"target\":[\"https:\/\/cscestran.fr\/?page_id=6448\"]}]},{\"@type\":\"ImageObject\",\"inLanguage\":\"fr-FR\",\"@id\":\"https:\/\/cscestran.fr\/?page_id=6448#primaryimage\",\"url\":\"http:\/\/cscestran.fr\/wp-content\/uploads\/2021\/03\/cropped-cropped-cropped-banniereV2.png\",\"contentUrl\":\"http:\/\/cscestran.fr\/wp-content\/uploads\/2021\/03\/cropped-cropped-cropped-banniereV2.png\"},{\"@type\":\"BreadcrumbList\",\"@id\":\"https:\/\/cscestran.fr\/?page_id=6448#breadcrumb\",\"itemListElement\":[{\"@type\":\"ListItem\",\"position\":1,\"name\":\"Accueil\",\"item\":\"https:\/\/cscestran.fr\/\"},{\"@type\":\"ListItem\",\"position\":2,\"name\":\"Soutien aux associations : Guid&rsquo;Asso\"}]},{\"@type\":\"WebSite\",\"@id\":\"https:\/\/cscestran.fr\/#website\",\"url\":\"https:\/\/cscestran.fr\/\",\"name\":\"Centre Socio-Culturel Coeur de Ville\",\"description\":\"\",\"publisher\":{\"@id\":\"https:\/\/cscestran.fr\/#organization\"},\"potentialAction\":[{\"@type\":\"SearchAction\",\"target\":{\"@type\":\"EntryPoint\",\"urlTemplate\":\"https:\/\/cscestran.fr\/?s={search_term_string}\"},\"query-input\":{\"@type\":\"PropertyValueSpecification\",\"valueRequired\":true,\"valueName\":\"search_term_string\"}}],\"inLanguage\":\"fr-FR\"},{\"@type\":\"Organization\",\"@id\":\"https:\/\/cscestran.fr\/#organization\",\"name\":\"Centre Socio-Culturel Coeur de Ville\",\"url\":\"https:\/\/cscestran.fr\/\",\"logo\":{\"@type\":\"ImageObject\",\"inLanguage\":\"fr-FR\",\"@id\":\"https:\/\/cscestran.fr\/#\/schema\/logo\/image\/\",\"url\":\"https:\/\/cscestran.fr\/wp-content\/uploads\/2024\/07\/cropped-logo.png\",\"contentUrl\":\"https:\/\/cscestran.fr\/wp-content\/uploads\/2024\/07\/cropped-logo.png\",\"width\":167,\"height\":167,\"caption\":\"Centre Socio-Culturel Coeur de Ville\"},\"image\":{\"@id\":\"https:\/\/cscestran.fr\/#\/schema\/logo\/image\/\"}}]}<\/script>\n<!-- \/ Yoast SEO plugin. -->","yoast_head_json":{"title":"Soutien aux associations : Guid'Asso - Centre Socio-Culturel Coeur de Ville","robots":{"index":"index","follow":"follow","max-snippet":"max-snippet:-1","max-image-preview":"max-image-preview:large","max-video-preview":"max-video-preview:-1"},"canonical":"https:\/\/cscestran.fr\/?page_id=6448","og_locale":"fr_FR","og_type":"article","og_title":"Soutien aux associations : Guid'Asso - Centre Socio-Culturel Coeur de Ville","og_description":"Le saviez vous ? Le Centre Socio-Culturel fait partie du r\u00e9seau GUID&rsquo;ASSO GUID&rsquo;ASSO c\u2019est un r\u00e9seau de Points d\u2019Information pour la Vie Associative, r\u00e9partis sur l\u2019ensemble du territoire et port\u00e9s par une diversit\u00e9 de partenaires : institutions, collectivit\u00e9s, associations.Il s\u2019adresse \u00e0 toutes associations, porteurs de projets, ayant une question sur la vie associative ou qui [&hellip;]","og_url":"https:\/\/cscestran.fr\/?page_id=6448","og_site_name":"Centre Socio-Culturel Coeur de Ville","article_modified_time":"2024-03-21T15:58:44+00:00","og_image":[{"url":"http:\/\/cscestran.fr\/wp-content\/uploads\/2021\/03\/cropped-cropped-cropped-banniereV2.png","type":"","width":"","height":""}],"twitter_card":"summary_large_image","twitter_misc":{"Dur\u00e9e de lecture estim\u00e9e":"1 minute"},"schema":{"@context":"https:\/\/schema.org","@graph":[{"@type":"WebPage","@id":"https:\/\/cscestran.fr\/?page_id=6448","url":"https:\/\/cscestran.fr\/?page_id=6448","name":"Soutien aux associations : Guid'Asso - Centre Socio-Culturel Coeur de Ville","isPartOf":{"@id":"https:\/\/cscestran.fr\/#website"},"primaryImageOfPage":{"@id":"https:\/\/cscestran.fr\/?page_id=6448#primaryimage"},"image":{"@id":"https:\/\/cscestran.fr\/?page_id=6448#primaryimage"},"thumbnailUrl":"http:\/\/cscestran.fr\/wp-content\/uploads\/2021\/03\/cropped-cropped-cropped-banniereV2.png","datePublished":"2022-02-02T10:25:13+00:00","dateModified":"2024-03-21T15:58:44+00:00","breadcrumb":{"@id":"https:\/\/cscestran.fr\/?page_id=6448#breadcrumb"},"inLanguage":"fr-FR","potentialAction":[{"@type":"ReadAction","target":["https:\/\/cscestran.fr\/?page_id=6448"]}]},{"@type":"ImageObject","inLanguage":"fr-FR","@id":"https:\/\/cscestran.fr\/?page_id=6448#primaryimage","url":"http:\/\/cscestran.fr\/wp-content\/uploads\/2021\/03\/cropped-cropped-cropped-banniereV2.png","contentUrl":"http:\/\/cscestran.fr\/wp-content\/uploads\/2021\/03\/cropped-cropped-cropped-banniereV2.png"},{"@type":"BreadcrumbList","@id":"https:\/\/cscestran.fr\/?page_id=6448#breadcrumb","itemListElement":[{"@type":"ListItem","position":1,"name":"Accueil","item":"https:\/\/cscestran.fr\/"},{"@type":"ListItem","position":2,"name":"Soutien aux associations : Guid&rsquo;Asso"}]},{"@type":"WebSite","@id":"https:\/\/cscestran.fr\/#website","url":"https:\/\/cscestran.fr\/","name":"Centre Socio-Culturel Coeur de Ville","description":"","publisher":{"@id":"https:\/\/cscestran.fr\/#organization"},"potentialAction":[{"@type":"SearchAction","target":{"@type":"EntryPoint","urlTemplate":"https:\/\/cscestran.fr\/?s={search_term_string}"},"query-input":{"@type":"PropertyValueSpecification","valueRequired":true,"valueName":"search_term_string"}}],"inLanguage":"fr-FR"},{"@type":"Organization","@id":"https:\/\/cscestran.fr\/#organization","name":"Centre Socio-Culturel Coeur de Ville","url":"https:\/\/cscestran.fr\/","logo":{"@type":"ImageObject","inLanguage":"fr-FR","@id":"https:\/\/cscestran.fr\/#\/schema\/logo\/image\/","url":"https:\/\/cscestran.fr\/wp-content\/uploads\/2024\/07\/cropped-logo.png","contentUrl":"https:\/\/cscestran.fr\/wp-content\/uploads\/2024\/07\/cropped-logo.png","width":167,"height":167,"caption":"Centre Socio-Culturel Coeur de Ville"},"image":{"@id":"https:\/\/cscestran.fr\/#\/schema\/logo\/image\/"}}]}},"jetpack_likes_enabled":true,"jetpack_sharing_enabled":true,"_links":{"self":[{"href":"https:\/\/cscestran.fr\/index.php?rest_route=\/wp\/v2\/pages\/6448","targetHints":{"allow":["GET"]}}],"collection":[{"href":"https:\/\/cscestran.fr\/index.php?rest_route=\/wp\/v2\/pages"}],"about":[{"href":"https:\/\/cscestran.fr\/index.php?rest_route=\/wp\/v2\/types\/page"}],"author":[{"embeddable":true,"href":"https:\/\/cscestran.fr\/index.php?rest_route=\/wp\/v2\/users\/1"}],"replies":[{"embeddable":true,"href":"https:\/\/cscestran.fr\/index.php?rest_route=%2Fwp%2Fv2%2Fcomments&post=6448"}],"version-history":[{"count":12,"href":"https:\/\/cscestran.fr\/index.php?rest_route=\/wp\/v2\/pages\/6448\/revisions"}],"predecessor-version":[{"id":8686,"href":"https:\/\/cscestran.fr\/index.php?rest_route=\/wp\/v2\/pages\/6448\/revisions\/8686"}],"wp:attachment":[{"href":"https:\/\/cscestran.fr\/index.php?rest_route=%2Fwp%2Fv2%2Fmedia&parent=6448"}],"curies":[{"name":"wp","href":"https:\/\/api.w.org\/{rel}","templated":true}]}}