{"id":7419,"date":"2022-03-09T16:00:30","date_gmt":"2022-03-09T16:00:30","guid":{"rendered":"http:\/\/cscestran.fr\/?page_id=7419"},"modified":"2024-07-05T09:05:26","modified_gmt":"2024-07-05T09:05:26","slug":"accueil","status":"publish","type":"page","link":"https:\/\/cscestran.fr\/?page_id=7419","title":{"rendered":"Accueil"},"content":{"rendered":"<div data-colibri-id=\"7419-c1\" class=\"style-1160 style-local-7419-c1 position-relative\">\r\n  <!---->\r\n  <div data-colibri-component=\"section\" data-colibri-id=\"7419-c2\" id=\"custom\" class=\"h-section h-section-global-spacing d-flex align-items-lg-center align-items-md-center align-items-center style-1161 style-local-7419-c2 position-relative\">\r\n    <!---->\r\n    <!---->\r\n    <div class=\"h-section-grid-container h-section-boxed-container\">\r\n      <!---->\r\n      <div data-colibri-id=\"7419-c3\" class=\"h-row-container gutters-row-lg-2 gutters-row-md-2 gutters-row-0 gutters-row-v-lg-2 gutters-row-v-md-2 gutters-row-v-2 style-1189 style-local-7419-c3 position-relative\">\r\n        <!---->\r\n        <div class=\"h-row justify-content-lg-center justify-content-md-center justify-content-center align-items-lg-stretch align-items-md-stretch align-items-stretch gutters-col-lg-2 gutters-col-md-2 gutters-col-0 gutters-col-v-lg-2 gutters-col-v-md-2 gutters-col-v-2\">\r\n          <!---->\r\n          <div class=\"h-column h-column-container d-flex h-col-lg-auto h-col-md-auto h-col-auto style-1190-outer style-local-7419-c4-outer\">\r\n            <div data-colibri-id=\"7419-c4\" class=\"d-flex h-flex-basis h-column__inner h-px-lg-2 h-px-md-2 h-px-2 v-inner-lg-2 v-inner-md-2 v-inner-2 style-1190 style-local-7419-c4 position-relative\">\r\n              <!---->\r\n              <!---->\r\n              <div class=\"w-100 h-y-container h-column__content h-column__v-align flex-basis-100 align-self-lg-start align-self-md-start align-self-start\">\r\n                <!---->\r\n                <div data-colibri-id=\"7419-c5\" class=\"h-global-transition-all h-heading style-1191 style-local-7419-c5 position-relative h-element\">\r\n                  <!---->\r\n                  <div class=\"h-heading__outer style-1191 style-local-7419-c5\">\r\n                    <!---->\r\n                    <!---->\r\n                    <h1 class=\"\"><span style=\"color: rgb(246, 248, 248);\">Les modalit\u00e9s d&rsquo;adh\u00e9sion<\/span><\/h1>\r\n                  <\/div>\r\n                <\/div>\r\n              <\/div>\r\n            <\/div>\r\n          <\/div>\r\n        <\/div>\r\n      <\/div>\r\n      <div data-colibri-id=\"7419-c6\" class=\"h-row-container gutters-row-lg-2 gutters-row-md-2 gutters-row-0 gutters-row-v-lg-2 gutters-row-v-md-2 gutters-row-v-2 style-1162 style-local-7419-c6 position-relative\">\r\n        <!---->\r\n        <div class=\"h-row justify-content-lg-center justify-content-md-center justify-content-center align-items-lg-stretch align-items-md-stretch align-items-stretch gutters-col-lg-2 gutters-col-md-2 gutters-col-0 gutters-col-v-lg-2 gutters-col-v-md-2 gutters-col-v-2\">\r\n          <!---->\r\n          <div class=\"h-column h-column-container d-flex h-col-lg-auto h-col-md-auto h-col-auto style-1163-outer style-local-7419-c7-outer\">\r\n            <div data-colibri-id=\"7419-c7\" class=\"d-flex h-flex-basis h-column__inner h-px-lg-2 h-px-md-2 h-px-2 v-inner-lg-2 v-inner-md-2 v-inner-2 style-1163 style-local-7419-c7 position-relative\">\r\n              <!---->\r\n              <!---->\r\n              <div class=\"w-100 h-y-container h-column__content h-column__v-align flex-basis-100 align-self-lg-start align-self-md-start align-self-start\">\r\n                <!---->\r\n                <div data-colibri-id=\"7419-c8\" class=\"h-text h-text-component style-1192 style-local-7419-c8 position-relative h-element\">\r\n                  <!---->\r\n                  <!---->\r\n                  <div class=\"\">\r\n                    <p><span style=\"color: rgb(244, 248, 248);\">L&rsquo;adh\u00e9sion est valable de janvier \u00e0 d\u00e9cembre et donne acc\u00e8s \u00e0 l&rsquo;ensemble des activit\u00e9s. Elle permet aussi de devenir b\u00e9n\u00e9vole et donne droit \u00e0 candidater au conseil d&rsquo;administration.&nbsp;<\/span><\/p>\r\n                    <h4>&nbsp;\r\n                      <u style=\"color: rgb(244, 248, 248);\">\r\n                        <br>Tarifs :&nbsp;<\/u>\r\n                      <br>\r\n                      <br><span style=\"color: rgb(243, 245, 246);\">Familiale : 10,00\u20ac<\/span>\r\n                      <br><span style=\"color: rgb(242, 246, 247);\">B\u00e9n\u00e9ficiaire RSA : 2.50\u20ac<br>Ados 11-17 ans : 5,00\u20ac<br>Jeunesse 16-25 ans : 2.00\u20ac<\/span>\r\n                      <br><span style=\"color: rgb(243, 247, 248);\">0.50\u20ac par atelier&nbsp;<\/span>\r\n                      <br><span style=\"color: rgb(243, 248, 250);\">Carte form Attitude 10,00\u20ac par an (valable pour les activit\u00e9s sportives gym \/ ZUMBA \/ Yoga&nbsp;<\/span><\/h4>\r\n                    <p>\r\n                      <br>\r\n                    <\/p>\r\n                  <\/div>\r\n                <\/div>\r\n              <\/div>\r\n            <\/div>\r\n          <\/div>\r\n        <\/div>\r\n      <\/div>\r\n    <\/div>\r\n  <\/div>\r\n  <div data-colibri-component=\"section\" data-colibri-id=\"7419-c9\" id=\"custom-2\" class=\"h-section h-section-global-spacing d-flex align-items-lg-center align-items-md-center align-items-center style-1194 style-local-7419-c9 position-relative\">\r\n    <!---->\r\n    <!---->\r\n    <div class=\"h-section-grid-container h-section-boxed-container\">\r\n      <!---->\r\n      <div data-colibri-id=\"7419-c10\" class=\"h-row-container gutters-row-lg-2 gutters-row-md-2 gutters-row-0 gutters-row-v-lg-2 gutters-row-v-md-2 gutters-row-v-2 style-1197 style-local-7419-c10 position-relative\">\r\n        <!---->\r\n        <div class=\"h-row justify-content-lg-center justify-content-md-center justify-content-center align-items-lg-stretch align-items-md-stretch align-items-stretch gutters-col-lg-2 gutters-col-md-2 gutters-col-0 gutters-col-v-lg-2 gutters-col-v-md-2 gutters-col-v-2\">\r\n          <!---->\r\n          <div class=\"h-column h-column-container d-flex h-col-lg-auto h-col-md-auto h-col-auto style-1198-outer style-local-7419-c11-outer\">\r\n            <div data-colibri-id=\"7419-c11\" class=\"d-flex h-flex-basis h-column__inner h-px-lg-2 h-px-md-2 h-px-2 v-inner-lg-2 v-inner-md-2 v-inner-2 style-1198 style-local-7419-c11 position-relative\">\r\n              <!---->\r\n              <!---->\r\n              <div class=\"w-100 h-y-container h-column__content h-column__v-align flex-basis-100 align-self-lg-start align-self-md-start align-self-start\">\r\n                <!---->\r\n                <div data-colibri-id=\"7419-c12\" class=\"h-global-transition-all h-heading style-1193 style-local-7419-c12 position-relative h-element\">\r\n                  <!---->\r\n                  <div class=\"h-heading__outer style-1193 style-local-7419-c12\">\r\n                    <!---->\r\n                    <!---->\r\n                    <h1 class=\"\"><span style=\"color: rgb(241, 246, 247);\">Les horaires d&rsquo;accueil :&nbsp;<\/span><\/h1>\r\n                  <\/div>\r\n                <\/div>\r\n              <\/div>\r\n            <\/div>\r\n          <\/div>\r\n        <\/div>\r\n      <\/div>\r\n      <div data-colibri-id=\"7419-c13\" class=\"h-row-container gutters-row-lg-2 gutters-row-md-2 gutters-row-0 gutters-row-v-lg-2 gutters-row-v-md-2 gutters-row-v-2 style-1199 style-local-7419-c13 position-relative\">\r\n        <!---->\r\n        <div class=\"h-row justify-content-lg-center justify-content-md-center justify-content-center align-items-lg-stretch align-items-md-stretch align-items-stretch gutters-col-lg-2 gutters-col-md-2 gutters-col-0 gutters-col-v-lg-2 gutters-col-v-md-2 gutters-col-v-2\">\r\n          <!---->\r\n          <div class=\"h-column h-column-container d-flex h-col-lg-auto h-col-md-auto h-col-auto style-1201-outer style-local-7419-c16-outer\">\r\n            <div data-colibri-id=\"7419-c16\" class=\"d-flex h-flex-basis h-column__inner h-px-lg-2 h-px-md-2 h-px-2 v-inner-lg-2 v-inner-md-2 v-inner-2 style-1201 style-local-7419-c16 position-relative\">\r\n              <!---->\r\n              <!---->\r\n              <div class=\"w-100 h-y-container h-column__content h-column__v-align flex-basis-100 align-self-lg-start align-self-md-start align-self-start\">\r\n                <!---->\r\n                <div data-colibri-id=\"7419-c17\" class=\"h-text h-text-component style-1202 style-local-7419-c17 position-relative h-element\">\r\n                  <!---->\r\n                  <!---->\r\n                  <div class=\"\">\r\n                    <p>\r\n                      <br>\r\n                    <\/p>\r\n                    <p><span style=\"color: rgb(244, 247, 248);\">&nbsp;Lundi 09h00-12h00 \/ 13h30-17h30<\/span><\/p>\r\n                    <p><span style=\"color: rgb(244, 247, 248);\">Mardi 09h00-12h00 \/ 13h30-17h30<\/span><\/p>\r\n                    <p><span style=\"color: rgb(244, 247, 248);\">Mercredi 09h00-12h00 \/ 13h30-17h30<\/span><\/p>\r\n                    <p><span style=\"color: rgb(244, 247, 248);\">Jeudi 09h00-12h00 \/ 13h30-17h30<\/span><\/p>\r\n                    <p><span style=\"color: rgb(244, 247, 248);\">Vendredi 09h00-12h00 \/ 13h30-17h30<\/span><\/p>\r\n                    <p><span style=\"color: rgb(244, 247, 248);\">Samedi Ferm\u00e9&nbsp;<\/span><\/p>\r\n                    <p>\r\n                      <br>\r\n                    <\/p>\r\n                    <p>\r\n                      <br>\r\n                    <\/p>\r\n                  <\/div>\r\n                <\/div>\r\n              <\/div>\r\n            <\/div>\r\n          <\/div>\r\n        <\/div>\r\n      <\/div>\r\n      <div data-colibri-id=\"7419-c18\" class=\"h-row-container gutters-row-lg-2 gutters-row-md-2 gutters-row-0 gutters-row-v-lg-2 gutters-row-v-md-2 gutters-row-v-2 style-1203 style-local-7419-c18 position-relative\">\r\n        <!---->\r\n        <div class=\"h-row justify-content-lg-center justify-content-md-center justify-content-center align-items-lg-stretch align-items-md-stretch align-items-stretch gutters-col-lg-2 gutters-col-md-2 gutters-col-0 gutters-col-v-lg-2 gutters-col-v-md-2 gutters-col-v-2\">\r\n          <!---->\r\n          <div class=\"h-column h-column-container d-flex h-col-lg-auto h-col-md-auto h-col-auto style-1204-outer style-local-7419-c19-outer\">\r\n            <div data-colibri-id=\"7419-c19\" class=\"d-flex h-flex-basis h-column__inner h-px-lg-2 h-px-md-2 h-px-2 v-inner-lg-2 v-inner-md-2 v-inner-2 style-1204 style-local-7419-c19 position-relative\">\r\n              <!---->\r\n              <!---->\r\n              <div class=\"w-100 h-y-container h-column__content h-column__v-align flex-basis-100 align-self-lg-start align-self-md-start align-self-start\">\r\n                <!---->\r\n                <div data-colibri-id=\"7419-c20\" class=\"h-global-transition-all h-heading style-1205 style-local-7419-c20 position-relative h-element\">\r\n                  <!---->\r\n                  <div class=\"h-heading__outer style-1205 style-local-7419-c20\">\r\n                    <!---->\r\n                    <!---->\r\n                    <h1 class=\"\"><span style=\"color: rgb(244, 247, 248);\">Contact<\/span><\/h1>\r\n                  <\/div>\r\n                <\/div>\r\n              <\/div>\r\n            <\/div>\r\n          <\/div>\r\n        <\/div>\r\n      <\/div>\r\n      <div data-colibri-id=\"7419-c21\" class=\"h-row-container gutters-row-lg-2 gutters-row-md-2 gutters-row-0 gutters-row-v-lg-2 gutters-row-v-md-2 gutters-row-v-2 style-1206 style-local-7419-c21 position-relative\">\r\n        <!---->\r\n        <div class=\"h-row justify-content-lg-center justify-content-md-center justify-content-center align-items-lg-stretch align-items-md-stretch align-items-stretch gutters-col-lg-2 gutters-col-md-2 gutters-col-0 gutters-col-v-lg-2 gutters-col-v-md-2 gutters-col-v-2\">\r\n          <!---->\r\n          <div class=\"h-column h-column-container d-flex h-col-lg-auto h-col-md-auto h-col-auto style-1207-outer style-local-7419-c22-outer\">\r\n            <div data-colibri-id=\"7419-c22\" class=\"d-flex h-flex-basis h-column__inner h-px-lg-2 h-px-md-2 h-px-2 v-inner-lg-2 v-inner-md-2 v-inner-2 style-1207 style-local-7419-c22 position-relative\">\r\n              <!---->\r\n              <!---->\r\n              <div class=\"w-100 h-y-container h-column__content h-column__v-align flex-basis-100 align-self-lg-start align-self-md-start align-self-start\">\r\n                <!---->\r\n                <div data-colibri-id=\"7419-c23\" class=\"h-text h-text-component style-1208 style-local-7419-c23 position-relative h-element\">\r\n                  <!---->\r\n                  <!---->\r\n                  <div class=\"\">\r\n                    <p><span style=\"color: rgb(243, 248, 250);\">Adresse : 49 Boulevard L\u00e9on Marchal 59153 Grand Fort Philippe&nbsp;<\/span><\/p>\r\n                    <p><span style=\"color: rgb(243, 248, 250);\">T\u00e9l\u00e9phone : 03.28.24.51.91<\/span><\/p>\r\n                    <p><span style=\"color: rgb(243, 248, 250);\">Courriel : contact@cscestran.fr<\/span><\/p>\r\n                  <\/div>\r\n                <\/div>\r\n              <\/div>\r\n            <\/div>\r\n          <\/div>\r\n        <\/div>\r\n      <\/div>\r\n    <\/div>\r\n  <\/div>\r\n<\/div>","protected":false},"excerpt":{"rendered":"<p>Les modalit\u00e9s d&rsquo;adh\u00e9sion L&rsquo;adh\u00e9sion est valable de janvier \u00e0 d\u00e9cembre et donne acc\u00e8s \u00e0 l&rsquo;ensemble des activit\u00e9s. Elle permet aussi de devenir b\u00e9n\u00e9vole et donne droit \u00e0 candidater au conseil d&rsquo;administration.&nbsp; &nbsp; Tarifs :&nbsp; Familiale : 10,00\u20ac B\u00e9n\u00e9ficiaire RSA : 2.50\u20acAdos 11-17 ans : 5,00\u20acJeunesse 16-25 ans : 2.00\u20ac 0.50\u20ac par atelier&nbsp; Carte form Attitude [&hellip;]<\/p>\n","protected":false},"author":1,"featured_media":8714,"parent":0,"menu_order":0,"comment_status":"closed","ping_status":"closed","template":"page-templates\/full-width-page.php","meta":{"footnotes":""},"class_list":["post-7419","page","type-page","status-publish","has-post-thumbnail","hentry"],"yoast_head":"<!-- This site is optimized with the Yoast SEO plugin v24.9 - https:\/\/yoast.com\/wordpress\/plugins\/seo\/ -->\n<title>Accueil - Centre Socio-Culturel Coeur de Ville<\/title>\n<meta name=\"robots\" content=\"index, follow, max-snippet:-1, max-image-preview:large, max-video-preview:-1\" \/>\n<link rel=\"canonical\" href=\"https:\/\/cscestran.fr\/?page_id=7419\" \/>\n<meta property=\"og:locale\" content=\"fr_FR\" \/>\n<meta property=\"og:type\" content=\"article\" \/>\n<meta property=\"og:title\" content=\"Accueil - Centre Socio-Culturel Coeur de Ville\" \/>\n<meta property=\"og:description\" content=\"Les modalit\u00e9s d&rsquo;adh\u00e9sion L&rsquo;adh\u00e9sion est valable de janvier \u00e0 d\u00e9cembre et donne acc\u00e8s \u00e0 l&rsquo;ensemble des activit\u00e9s. Elle permet aussi de devenir b\u00e9n\u00e9vole et donne droit \u00e0 candidater au conseil d&rsquo;administration.&nbsp; &nbsp; Tarifs :&nbsp; Familiale : 10,00\u20ac B\u00e9n\u00e9ficiaire RSA : 2.50\u20acAdos 11-17 ans : 5,00\u20acJeunesse 16-25 ans : 2.00\u20ac 0.50\u20ac par atelier&nbsp; Carte form Attitude [&hellip;]\" \/>\n<meta property=\"og:url\" content=\"https:\/\/cscestran.fr\/?page_id=7419\" \/>\n<meta property=\"og:site_name\" content=\"Centre Socio-Culturel Coeur de Ville\" \/>\n<meta property=\"article:modified_time\" content=\"2024-07-05T09:05:26+00:00\" \/>\n<meta property=\"og:image\" content=\"https:\/\/cscestran.fr\/wp-content\/uploads\/2024\/07\/logo-motfier-2024.jpg\" \/>\n\t<meta property=\"og:image:width\" content=\"698\" \/>\n\t<meta property=\"og:image:height\" content=\"746\" \/>\n\t<meta property=\"og:image:type\" content=\"image\/jpeg\" \/>\n<meta name=\"twitter:card\" content=\"summary_large_image\" \/>\n<meta name=\"twitter:label1\" content=\"Dur\u00e9e de lecture estim\u00e9e\" \/>\n\t<meta name=\"twitter:data1\" content=\"1 minute\" \/>\n<script type=\"application\/ld+json\" class=\"yoast-schema-graph\">{\"@context\":\"https:\/\/schema.org\",\"@graph\":[{\"@type\":\"WebPage\",\"@id\":\"https:\/\/cscestran.fr\/?page_id=7419\",\"url\":\"https:\/\/cscestran.fr\/?page_id=7419\",\"name\":\"Accueil - Centre Socio-Culturel Coeur de Ville\",\"isPartOf\":{\"@id\":\"https:\/\/cscestran.fr\/#website\"},\"primaryImageOfPage\":{\"@id\":\"https:\/\/cscestran.fr\/?page_id=7419#primaryimage\"},\"image\":{\"@id\":\"https:\/\/cscestran.fr\/?page_id=7419#primaryimage\"},\"thumbnailUrl\":\"https:\/\/cscestran.fr\/wp-content\/uploads\/2024\/07\/logo-motfier-2024.jpg\",\"datePublished\":\"2022-03-09T16:00:30+00:00\",\"dateModified\":\"2024-07-05T09:05:26+00:00\",\"breadcrumb\":{\"@id\":\"https:\/\/cscestran.fr\/?page_id=7419#breadcrumb\"},\"inLanguage\":\"fr-FR\",\"potentialAction\":[{\"@type\":\"ReadAction\",\"target\":[\"https:\/\/cscestran.fr\/?page_id=7419\"]}]},{\"@type\":\"ImageObject\",\"inLanguage\":\"fr-FR\",\"@id\":\"https:\/\/cscestran.fr\/?page_id=7419#primaryimage\",\"url\":\"https:\/\/cscestran.fr\/wp-content\/uploads\/2024\/07\/logo-motfier-2024.jpg\",\"contentUrl\":\"https:\/\/cscestran.fr\/wp-content\/uploads\/2024\/07\/logo-motfier-2024.jpg\",\"width\":698,\"height\":746},{\"@type\":\"BreadcrumbList\",\"@id\":\"https:\/\/cscestran.fr\/?page_id=7419#breadcrumb\",\"itemListElement\":[{\"@type\":\"ListItem\",\"position\":1,\"name\":\"Accueil\",\"item\":\"https:\/\/cscestran.fr\/\"},{\"@type\":\"ListItem\",\"position\":2,\"name\":\"Accueil\"}]},{\"@type\":\"WebSite\",\"@id\":\"https:\/\/cscestran.fr\/#website\",\"url\":\"https:\/\/cscestran.fr\/\",\"name\":\"Centre Socio-Culturel Coeur de Ville\",\"description\":\"\",\"publisher\":{\"@id\":\"https:\/\/cscestran.fr\/#organization\"},\"potentialAction\":[{\"@type\":\"SearchAction\",\"target\":{\"@type\":\"EntryPoint\",\"urlTemplate\":\"https:\/\/cscestran.fr\/?s={search_term_string}\"},\"query-input\":{\"@type\":\"PropertyValueSpecification\",\"valueRequired\":true,\"valueName\":\"search_term_string\"}}],\"inLanguage\":\"fr-FR\"},{\"@type\":\"Organization\",\"@id\":\"https:\/\/cscestran.fr\/#organization\",\"name\":\"Centre Socio-Culturel Coeur de Ville\",\"url\":\"https:\/\/cscestran.fr\/\",\"logo\":{\"@type\":\"ImageObject\",\"inLanguage\":\"fr-FR\",\"@id\":\"https:\/\/cscestran.fr\/#\/schema\/logo\/image\/\",\"url\":\"https:\/\/cscestran.fr\/wp-content\/uploads\/2024\/07\/cropped-logo.png\",\"contentUrl\":\"https:\/\/cscestran.fr\/wp-content\/uploads\/2024\/07\/cropped-logo.png\",\"width\":167,\"height\":167,\"caption\":\"Centre Socio-Culturel Coeur de Ville\"},\"image\":{\"@id\":\"https:\/\/cscestran.fr\/#\/schema\/logo\/image\/\"}}]}<\/script>\n<!-- \/ Yoast SEO plugin. -->","yoast_head_json":{"title":"Accueil - Centre Socio-Culturel Coeur de Ville","robots":{"index":"index","follow":"follow","max-snippet":"max-snippet:-1","max-image-preview":"max-image-preview:large","max-video-preview":"max-video-preview:-1"},"canonical":"https:\/\/cscestran.fr\/?page_id=7419","og_locale":"fr_FR","og_type":"article","og_title":"Accueil - Centre Socio-Culturel Coeur de Ville","og_description":"Les modalit\u00e9s d&rsquo;adh\u00e9sion L&rsquo;adh\u00e9sion est valable de janvier \u00e0 d\u00e9cembre et donne acc\u00e8s \u00e0 l&rsquo;ensemble des activit\u00e9s. Elle permet aussi de devenir b\u00e9n\u00e9vole et donne droit \u00e0 candidater au conseil d&rsquo;administration.&nbsp; &nbsp; Tarifs :&nbsp; Familiale : 10,00\u20ac B\u00e9n\u00e9ficiaire RSA : 2.50\u20acAdos 11-17 ans : 5,00\u20acJeunesse 16-25 ans : 2.00\u20ac 0.50\u20ac par atelier&nbsp; Carte form Attitude [&hellip;]","og_url":"https:\/\/cscestran.fr\/?page_id=7419","og_site_name":"Centre Socio-Culturel Coeur de Ville","article_modified_time":"2024-07-05T09:05:26+00:00","og_image":[{"width":698,"height":746,"url":"https:\/\/cscestran.fr\/wp-content\/uploads\/2024\/07\/logo-motfier-2024.jpg","type":"image\/jpeg"}],"twitter_card":"summary_large_image","twitter_misc":{"Dur\u00e9e de lecture estim\u00e9e":"1 minute"},"schema":{"@context":"https:\/\/schema.org","@graph":[{"@type":"WebPage","@id":"https:\/\/cscestran.fr\/?page_id=7419","url":"https:\/\/cscestran.fr\/?page_id=7419","name":"Accueil - Centre Socio-Culturel Coeur de Ville","isPartOf":{"@id":"https:\/\/cscestran.fr\/#website"},"primaryImageOfPage":{"@id":"https:\/\/cscestran.fr\/?page_id=7419#primaryimage"},"image":{"@id":"https:\/\/cscestran.fr\/?page_id=7419#primaryimage"},"thumbnailUrl":"https:\/\/cscestran.fr\/wp-content\/uploads\/2024\/07\/logo-motfier-2024.jpg","datePublished":"2022-03-09T16:00:30+00:00","dateModified":"2024-07-05T09:05:26+00:00","breadcrumb":{"@id":"https:\/\/cscestran.fr\/?page_id=7419#breadcrumb"},"inLanguage":"fr-FR","potentialAction":[{"@type":"ReadAction","target":["https:\/\/cscestran.fr\/?page_id=7419"]}]},{"@type":"ImageObject","inLanguage":"fr-FR","@id":"https:\/\/cscestran.fr\/?page_id=7419#primaryimage","url":"https:\/\/cscestran.fr\/wp-content\/uploads\/2024\/07\/logo-motfier-2024.jpg","contentUrl":"https:\/\/cscestran.fr\/wp-content\/uploads\/2024\/07\/logo-motfier-2024.jpg","width":698,"height":746},{"@type":"BreadcrumbList","@id":"https:\/\/cscestran.fr\/?page_id=7419#breadcrumb","itemListElement":[{"@type":"ListItem","position":1,"name":"Accueil","item":"https:\/\/cscestran.fr\/"},{"@type":"ListItem","position":2,"name":"Accueil"}]},{"@type":"WebSite","@id":"https:\/\/cscestran.fr\/#website","url":"https:\/\/cscestran.fr\/","name":"Centre Socio-Culturel Coeur de Ville","description":"","publisher":{"@id":"https:\/\/cscestran.fr\/#organization"},"potentialAction":[{"@type":"SearchAction","target":{"@type":"EntryPoint","urlTemplate":"https:\/\/cscestran.fr\/?s={search_term_string}"},"query-input":{"@type":"PropertyValueSpecification","valueRequired":true,"valueName":"search_term_string"}}],"inLanguage":"fr-FR"},{"@type":"Organization","@id":"https:\/\/cscestran.fr\/#organization","name":"Centre Socio-Culturel Coeur de Ville","url":"https:\/\/cscestran.fr\/","logo":{"@type":"ImageObject","inLanguage":"fr-FR","@id":"https:\/\/cscestran.fr\/#\/schema\/logo\/image\/","url":"https:\/\/cscestran.fr\/wp-content\/uploads\/2024\/07\/cropped-logo.png","contentUrl":"https:\/\/cscestran.fr\/wp-content\/uploads\/2024\/07\/cropped-logo.png","width":167,"height":167,"caption":"Centre Socio-Culturel Coeur de Ville"},"image":{"@id":"https:\/\/cscestran.fr\/#\/schema\/logo\/image\/"}}]}},"jetpack_likes_enabled":true,"jetpack_sharing_enabled":true,"_links":{"self":[{"href":"https:\/\/cscestran.fr\/index.php?rest_route=\/wp\/v2\/pages\/7419","targetHints":{"allow":["GET"]}}],"collection":[{"href":"https:\/\/cscestran.fr\/index.php?rest_route=\/wp\/v2\/pages"}],"about":[{"href":"https:\/\/cscestran.fr\/index.php?rest_route=\/wp\/v2\/types\/page"}],"author":[{"embeddable":true,"href":"https:\/\/cscestran.fr\/index.php?rest_route=\/wp\/v2\/users\/1"}],"replies":[{"embeddable":true,"href":"https:\/\/cscestran.fr\/index.php?rest_route=%2Fwp%2Fv2%2Fcomments&post=7419"}],"version-history":[{"count":5,"href":"https:\/\/cscestran.fr\/index.php?rest_route=\/wp\/v2\/pages\/7419\/revisions"}],"predecessor-version":[{"id":7886,"href":"https:\/\/cscestran.fr\/index.php?rest_route=\/wp\/v2\/pages\/7419\/revisions\/7886"}],"wp:featuredmedia":[{"embeddable":true,"href":"https:\/\/cscestran.fr\/index.php?rest_route=\/wp\/v2\/media\/8714"}],"wp:attachment":[{"href":"https:\/\/cscestran.fr\/index.php?rest_route=%2Fwp%2Fv2%2Fmedia&parent=7419"}],"curies":[{"name":"wp","href":"https:\/\/api.w.org\/{rel}","templated":true}]}}