{"id":8852,"date":"2024-09-30T08:47:07","date_gmt":"2024-09-30T08:47:07","guid":{"rendered":"https:\/\/cscestran.fr\/?page_id=8852"},"modified":"2024-09-30T08:47:09","modified_gmt":"2024-09-30T08:47:09","slug":"permanences","status":"publish","type":"page","link":"https:\/\/cscestran.fr\/?page_id=8852","title":{"rendered":"Permanences"},"content":{"rendered":"\n<p>Nous accueillons dans nos locaux,<\/p>\n\n\n\n<p><strong><em>L&rsquo;assistant social de la Maison Nord Solidarit\u00e9<\/em> <\/strong>Gravelines Bourbourg le mardi matin<\/p>\n\n\n\n<p><strong><em>L&rsquo;assistant sociale du Service Social Maritime<\/em> <\/strong>le lundi 14h de 16h 1 fois par mois<\/p>\n\n\n\n<p><em><strong>Les b\u00e9n\u00e9voles de la FNATH<\/strong><\/em> le deuxi\u00e8me mercredi du mois \u00e0 partir de 17h30<\/p>\n\n\n\n<figure class=\"wp-block-image size-full is-resized\"><img loading=\"lazy\" decoding=\"async\" width=\"324\" height=\"180\" src=\"https:\/\/cscestran.fr\/wp-content\/uploads\/2024\/09\/th.jpg\" alt=\"\" class=\"wp-image-8853\" style=\"width:302px;height:auto\" srcset=\"https:\/\/cscestran.fr\/wp-content\/uploads\/2024\/09\/th.jpg 324w, https:\/\/cscestran.fr\/wp-content\/uploads\/2024\/09\/th-300x167.jpg 300w\" sizes=\"auto, (max-width: 324px) 100vw, 324px\" \/><\/figure>\n\n\n\n<figure class=\"wp-block-image size-full\"><img loading=\"lazy\" decoding=\"async\" width=\"435\" height=\"308\" src=\"https:\/\/cscestran.fr\/wp-content\/uploads\/2024\/09\/SSM.jpg\" alt=\"\" class=\"wp-image-8854\" srcset=\"https:\/\/cscestran.fr\/wp-content\/uploads\/2024\/09\/SSM.jpg 435w, https:\/\/cscestran.fr\/wp-content\/uploads\/2024\/09\/SSM-300x212.jpg 300w\" sizes=\"auto, (max-width: 435px) 100vw, 435px\" \/><\/figure>\n\n\n\n<figure class=\"wp-block-image size-full is-resized\"><img loading=\"lazy\" decoding=\"async\" width=\"766\" height=\"496\" src=\"https:\/\/cscestran.fr\/wp-content\/uploads\/2024\/09\/logo-fnath.png\" alt=\"\" class=\"wp-image-8855\" style=\"width:466px;height:auto\" srcset=\"https:\/\/cscestran.fr\/wp-content\/uploads\/2024\/09\/logo-fnath.png 766w, https:\/\/cscestran.fr\/wp-content\/uploads\/2024\/09\/logo-fnath-300x194.png 300w\" sizes=\"auto, (max-width: 766px) 100vw, 766px\" \/><\/figure>\n","protected":false},"excerpt":{"rendered":"<p>Nous accueillons dans nos locaux, L&rsquo;assistant social de la Maison Nord Solidarit\u00e9 Gravelines Bourbourg le mardi matin L&rsquo;assistant sociale du Service Social Maritime le lundi 14h de 16h 1 fois par mois Les b\u00e9n\u00e9voles de la FNATH le deuxi\u00e8me mercredi du mois \u00e0 partir de 17h30<\/p>\n","protected":false},"author":1,"featured_media":0,"parent":0,"menu_order":0,"comment_status":"closed","ping_status":"closed","template":"","meta":{"footnotes":""},"class_list":["post-8852","page","type-page","status-publish","hentry"],"yoast_head":"<!-- This site is optimized with the Yoast SEO plugin v24.9 - https:\/\/yoast.com\/wordpress\/plugins\/seo\/ -->\n<title>Permanences - Centre Socio-Culturel Coeur de Ville<\/title>\n<meta name=\"robots\" content=\"index, follow, max-snippet:-1, max-image-preview:large, max-video-preview:-1\" \/>\n<link rel=\"canonical\" href=\"https:\/\/cscestran.fr\/?page_id=8852\" \/>\n<meta property=\"og:locale\" content=\"fr_FR\" \/>\n<meta property=\"og:type\" content=\"article\" \/>\n<meta property=\"og:title\" content=\"Permanences - Centre Socio-Culturel Coeur de Ville\" \/>\n<meta property=\"og:description\" content=\"Nous accueillons dans nos locaux, L&rsquo;assistant social de la Maison Nord Solidarit\u00e9 Gravelines Bourbourg le mardi matin L&rsquo;assistant sociale du Service Social Maritime le lundi 14h de 16h 1 fois par mois Les b\u00e9n\u00e9voles de la FNATH le deuxi\u00e8me mercredi du mois \u00e0 partir de 17h30\" \/>\n<meta property=\"og:url\" content=\"https:\/\/cscestran.fr\/?page_id=8852\" \/>\n<meta property=\"og:site_name\" content=\"Centre Socio-Culturel Coeur de Ville\" \/>\n<meta property=\"article:modified_time\" content=\"2024-09-30T08:47:09+00:00\" \/>\n<meta property=\"og:image\" content=\"https:\/\/cscestran.fr\/wp-content\/uploads\/2024\/09\/th.jpg\" \/>\n<meta name=\"twitter:card\" content=\"summary_large_image\" \/>\n<meta name=\"twitter:label1\" content=\"Dur\u00e9e de lecture estim\u00e9e\" \/>\n\t<meta name=\"twitter:data1\" content=\"1 minute\" \/>\n<script type=\"application\/ld+json\" class=\"yoast-schema-graph\">{\"@context\":\"https:\/\/schema.org\",\"@graph\":[{\"@type\":\"WebPage\",\"@id\":\"https:\/\/cscestran.fr\/?page_id=8852\",\"url\":\"https:\/\/cscestran.fr\/?page_id=8852\",\"name\":\"Permanences - Centre Socio-Culturel Coeur de Ville\",\"isPartOf\":{\"@id\":\"https:\/\/cscestran.fr\/#website\"},\"primaryImageOfPage\":{\"@id\":\"https:\/\/cscestran.fr\/?page_id=8852#primaryimage\"},\"image\":{\"@id\":\"https:\/\/cscestran.fr\/?page_id=8852#primaryimage\"},\"thumbnailUrl\":\"https:\/\/cscestran.fr\/wp-content\/uploads\/2024\/09\/th.jpg\",\"datePublished\":\"2024-09-30T08:47:07+00:00\",\"dateModified\":\"2024-09-30T08:47:09+00:00\",\"breadcrumb\":{\"@id\":\"https:\/\/cscestran.fr\/?page_id=8852#breadcrumb\"},\"inLanguage\":\"fr-FR\",\"potentialAction\":[{\"@type\":\"ReadAction\",\"target\":[\"https:\/\/cscestran.fr\/?page_id=8852\"]}]},{\"@type\":\"ImageObject\",\"inLanguage\":\"fr-FR\",\"@id\":\"https:\/\/cscestran.fr\/?page_id=8852#primaryimage\",\"url\":\"https:\/\/cscestran.fr\/wp-content\/uploads\/2024\/09\/th.jpg\",\"contentUrl\":\"https:\/\/cscestran.fr\/wp-content\/uploads\/2024\/09\/th.jpg\",\"width\":324,\"height\":180},{\"@type\":\"BreadcrumbList\",\"@id\":\"https:\/\/cscestran.fr\/?page_id=8852#breadcrumb\",\"itemListElement\":[{\"@type\":\"ListItem\",\"position\":1,\"name\":\"Accueil\",\"item\":\"https:\/\/cscestran.fr\/\"},{\"@type\":\"ListItem\",\"position\":2,\"name\":\"Permanences\"}]},{\"@type\":\"WebSite\",\"@id\":\"https:\/\/cscestran.fr\/#website\",\"url\":\"https:\/\/cscestran.fr\/\",\"name\":\"Centre Socio-Culturel Coeur de Ville\",\"description\":\"\",\"publisher\":{\"@id\":\"https:\/\/cscestran.fr\/#organization\"},\"potentialAction\":[{\"@type\":\"SearchAction\",\"target\":{\"@type\":\"EntryPoint\",\"urlTemplate\":\"https:\/\/cscestran.fr\/?s={search_term_string}\"},\"query-input\":{\"@type\":\"PropertyValueSpecification\",\"valueRequired\":true,\"valueName\":\"search_term_string\"}}],\"inLanguage\":\"fr-FR\"},{\"@type\":\"Organization\",\"@id\":\"https:\/\/cscestran.fr\/#organization\",\"name\":\"Centre Socio-Culturel Coeur de Ville\",\"url\":\"https:\/\/cscestran.fr\/\",\"logo\":{\"@type\":\"ImageObject\",\"inLanguage\":\"fr-FR\",\"@id\":\"https:\/\/cscestran.fr\/#\/schema\/logo\/image\/\",\"url\":\"https:\/\/cscestran.fr\/wp-content\/uploads\/2024\/07\/cropped-logo.png\",\"contentUrl\":\"https:\/\/cscestran.fr\/wp-content\/uploads\/2024\/07\/cropped-logo.png\",\"width\":167,\"height\":167,\"caption\":\"Centre Socio-Culturel Coeur de Ville\"},\"image\":{\"@id\":\"https:\/\/cscestran.fr\/#\/schema\/logo\/image\/\"}}]}<\/script>\n<!-- \/ Yoast SEO plugin. -->","yoast_head_json":{"title":"Permanences - Centre Socio-Culturel Coeur de Ville","robots":{"index":"index","follow":"follow","max-snippet":"max-snippet:-1","max-image-preview":"max-image-preview:large","max-video-preview":"max-video-preview:-1"},"canonical":"https:\/\/cscestran.fr\/?page_id=8852","og_locale":"fr_FR","og_type":"article","og_title":"Permanences - Centre Socio-Culturel Coeur de Ville","og_description":"Nous accueillons dans nos locaux, L&rsquo;assistant social de la Maison Nord Solidarit\u00e9 Gravelines Bourbourg le mardi matin L&rsquo;assistant sociale du Service Social Maritime le lundi 14h de 16h 1 fois par mois Les b\u00e9n\u00e9voles de la FNATH le deuxi\u00e8me mercredi du mois \u00e0 partir de 17h30","og_url":"https:\/\/cscestran.fr\/?page_id=8852","og_site_name":"Centre Socio-Culturel Coeur de Ville","article_modified_time":"2024-09-30T08:47:09+00:00","og_image":[{"url":"https:\/\/cscestran.fr\/wp-content\/uploads\/2024\/09\/th.jpg","type":"","width":"","height":""}],"twitter_card":"summary_large_image","twitter_misc":{"Dur\u00e9e de lecture estim\u00e9e":"1 minute"},"schema":{"@context":"https:\/\/schema.org","@graph":[{"@type":"WebPage","@id":"https:\/\/cscestran.fr\/?page_id=8852","url":"https:\/\/cscestran.fr\/?page_id=8852","name":"Permanences - Centre Socio-Culturel Coeur de Ville","isPartOf":{"@id":"https:\/\/cscestran.fr\/#website"},"primaryImageOfPage":{"@id":"https:\/\/cscestran.fr\/?page_id=8852#primaryimage"},"image":{"@id":"https:\/\/cscestran.fr\/?page_id=8852#primaryimage"},"thumbnailUrl":"https:\/\/cscestran.fr\/wp-content\/uploads\/2024\/09\/th.jpg","datePublished":"2024-09-30T08:47:07+00:00","dateModified":"2024-09-30T08:47:09+00:00","breadcrumb":{"@id":"https:\/\/cscestran.fr\/?page_id=8852#breadcrumb"},"inLanguage":"fr-FR","potentialAction":[{"@type":"ReadAction","target":["https:\/\/cscestran.fr\/?page_id=8852"]}]},{"@type":"ImageObject","inLanguage":"fr-FR","@id":"https:\/\/cscestran.fr\/?page_id=8852#primaryimage","url":"https:\/\/cscestran.fr\/wp-content\/uploads\/2024\/09\/th.jpg","contentUrl":"https:\/\/cscestran.fr\/wp-content\/uploads\/2024\/09\/th.jpg","width":324,"height":180},{"@type":"BreadcrumbList","@id":"https:\/\/cscestran.fr\/?page_id=8852#breadcrumb","itemListElement":[{"@type":"ListItem","position":1,"name":"Accueil","item":"https:\/\/cscestran.fr\/"},{"@type":"ListItem","position":2,"name":"Permanences"}]},{"@type":"WebSite","@id":"https:\/\/cscestran.fr\/#website","url":"https:\/\/cscestran.fr\/","name":"Centre Socio-Culturel Coeur de Ville","description":"","publisher":{"@id":"https:\/\/cscestran.fr\/#organization"},"potentialAction":[{"@type":"SearchAction","target":{"@type":"EntryPoint","urlTemplate":"https:\/\/cscestran.fr\/?s={search_term_string}"},"query-input":{"@type":"PropertyValueSpecification","valueRequired":true,"valueName":"search_term_string"}}],"inLanguage":"fr-FR"},{"@type":"Organization","@id":"https:\/\/cscestran.fr\/#organization","name":"Centre Socio-Culturel Coeur de Ville","url":"https:\/\/cscestran.fr\/","logo":{"@type":"ImageObject","inLanguage":"fr-FR","@id":"https:\/\/cscestran.fr\/#\/schema\/logo\/image\/","url":"https:\/\/cscestran.fr\/wp-content\/uploads\/2024\/07\/cropped-logo.png","contentUrl":"https:\/\/cscestran.fr\/wp-content\/uploads\/2024\/07\/cropped-logo.png","width":167,"height":167,"caption":"Centre Socio-Culturel Coeur de Ville"},"image":{"@id":"https:\/\/cscestran.fr\/#\/schema\/logo\/image\/"}}]}},"jetpack_likes_enabled":true,"jetpack_sharing_enabled":true,"_links":{"self":[{"href":"https:\/\/cscestran.fr\/index.php?rest_route=\/wp\/v2\/pages\/8852","targetHints":{"allow":["GET"]}}],"collection":[{"href":"https:\/\/cscestran.fr\/index.php?rest_route=\/wp\/v2\/pages"}],"about":[{"href":"https:\/\/cscestran.fr\/index.php?rest_route=\/wp\/v2\/types\/page"}],"author":[{"embeddable":true,"href":"https:\/\/cscestran.fr\/index.php?rest_route=\/wp\/v2\/users\/1"}],"replies":[{"embeddable":true,"href":"https:\/\/cscestran.fr\/index.php?rest_route=%2Fwp%2Fv2%2Fcomments&post=8852"}],"version-history":[{"count":1,"href":"https:\/\/cscestran.fr\/index.php?rest_route=\/wp\/v2\/pages\/8852\/revisions"}],"predecessor-version":[{"id":8856,"href":"https:\/\/cscestran.fr\/index.php?rest_route=\/wp\/v2\/pages\/8852\/revisions\/8856"}],"wp:attachment":[{"href":"https:\/\/cscestran.fr\/index.php?rest_route=%2Fwp%2Fv2%2Fmedia&parent=8852"}],"curies":[{"name":"wp","href":"https:\/\/api.w.org\/{rel}","templated":true}]}}

<p>Nous accueillons dans nos locaux,</p>



<p><strong><em>L&rsquo;assistant social de la Maison Nord Solidarité</em> </strong>Gravelines Bourbourg le mardi matin</p>



<p><strong><em>L&rsquo;assistant sociale du Service Social Maritime</em> </strong>le lundi 14h de 16h 1 fois par mois</p>



<p><em><strong>Les bénévoles de la FNATH</strong></em> le deuxième mercredi du mois à partir de 17h30</p>



<figure class="wp-block-image size-full is-resized"><img loading="lazy" decoding="async" width="324" height="180" src="https://cscestran.fr/wp-content/uploads/2024/09/th.jpg" alt="" class="wp-image-8853" style="width:302px;height:auto" srcset="https://cscestran.fr/wp-content/uploads/2024/09/th.jpg 324w, https://cscestran.fr/wp-content/uploads/2024/09/th-300x167.jpg 300w" sizes="auto, (max-width: 324px) 100vw, 324px" /></figure>



<figure class="wp-block-image size-full"><img loading="lazy" decoding="async" width="435" height="308" src="https://cscestran.fr/wp-content/uploads/2024/09/SSM.jpg" alt="" class="wp-image-8854" srcset="https://cscestran.fr/wp-content/uploads/2024/09/SSM.jpg 435w, https://cscestran.fr/wp-content/uploads/2024/09/SSM-300x212.jpg 300w" sizes="auto, (max-width: 435px) 100vw, 435px" /></figure>



<figure class="wp-block-image size-full is-resized"><img loading="lazy" decoding="async" width="766" height="496" src="https://cscestran.fr/wp-content/uploads/2024/09/logo-fnath.png" alt="" class="wp-image-8855" style="width:466px;height:auto" srcset="https://cscestran.fr/wp-content/uploads/2024/09/logo-fnath.png 766w, https://cscestran.fr/wp-content/uploads/2024/09/logo-fnath-300x194.png 300w" sizes="auto, (max-width: 766px) 100vw, 766px" /></figure>

<p>Nous accueillons dans nos locaux, L&rsquo;assistant social de la Maison Nord Solidarité Gravelines Bourbourg le mardi matin L&rsquo;assistant sociale du Service Social Maritime le lundi 14h de 16h 1 fois par mois Les bénévoles de la FNATH le deuxième mercredi du mois à partir de 17h30</p>

<!-- This site is optimized with the Yoast SEO plugin v24.9 - https://yoast.com/wordpress/plugins/seo/ -->
<title>Permanences - Centre Socio-Culturel Coeur de Ville</title>
<meta name="robots" content="index, follow, max-snippet:-1, max-image-preview:large, max-video-preview:-1" />
<link rel="canonical" href="https://cscestran.fr/?page_id=8852" />
<meta property="og:locale" content="fr_FR" />
<meta property="og:type" content="article" />
<meta property="og:title" content="Permanences - Centre Socio-Culturel Coeur de Ville" />
<meta property="og:description" content="Nous accueillons dans nos locaux, L&rsquo;assistant social de la Maison Nord Solidarité Gravelines Bourbourg le mardi matin L&rsquo;assistant sociale du Service Social Maritime le lundi 14h de 16h 1 fois par mois Les bénévoles de la FNATH le deuxième mercredi du mois à partir de 17h30" />
<meta property="og:url" content="https://cscestran.fr/?page_id=8852" />
<meta property="og:site_name" content="Centre Socio-Culturel Coeur de Ville" />
<meta property="article:modified_time" content="2024-09-30T08:47:09+00:00" />
<meta property="og:image" content="https://cscestran.fr/wp-content/uploads/2024/09/th.jpg" />
<meta name="twitter:card" content="summary_large_image" />
<meta name="twitter:label1" content="Durée de lecture estimée" />
	<meta name="twitter:data1" content="1 minute" />
<script type="application/ld+json" class="yoast-schema-graph">{"@context":"https://schema.org","@graph":[{"@type":"WebPage","@id":"https://cscestran.fr/?page_id=8852","url":"https://cscestran.fr/?page_id=8852","name":"Permanences - Centre Socio-Culturel Coeur de Ville","isPartOf":{"@id":"https://cscestran.fr/#website"},"primaryImageOfPage":{"@id":"https://cscestran.fr/?page_id=8852#primaryimage"},"image":{"@id":"https://cscestran.fr/?page_id=8852#primaryimage"},"thumbnailUrl":"https://cscestran.fr/wp-content/uploads/2024/09/th.jpg","datePublished":"2024-09-30T08:47:07+00:00","dateModified":"2024-09-30T08:47:09+00:00","breadcrumb":{"@id":"https://cscestran.fr/?page_id=8852#breadcrumb"},"inLanguage":"fr-FR","potentialAction":[{"@type":"ReadAction","target":["https://cscestran.fr/?page_id=8852"]}]},{"@type":"ImageObject","inLanguage":"fr-FR","@id":"https://cscestran.fr/?page_id=8852#primaryimage","url":"https://cscestran.fr/wp-content/uploads/2024/09/th.jpg","contentUrl":"https://cscestran.fr/wp-content/uploads/2024/09/th.jpg","width":324,"height":180},{"@type":"BreadcrumbList","@id":"https://cscestran.fr/?page_id=8852#breadcrumb","itemListElement":[{"@type":"ListItem","position":1,"name":"Accueil","item":"https://cscestran.fr/"},{"@type":"ListItem","position":2,"name":"Permanences"}]},{"@type":"WebSite","@id":"https://cscestran.fr/#website","url":"https://cscestran.fr/","name":"Centre Socio-Culturel Coeur de Ville","description":"","publisher":{"@id":"https://cscestran.fr/#organization"},"potentialAction":[{"@type":"SearchAction","target":{"@type":"EntryPoint","urlTemplate":"https://cscestran.fr/?s={search_term_string}"},"query-input":{"@type":"PropertyValueSpecification","valueRequired":true,"valueName":"search_term_string"}}],"inLanguage":"fr-FR"},{"@type":"Organization","@id":"https://cscestran.fr/#organization","name":"Centre Socio-Culturel Coeur de Ville","url":"https://cscestran.fr/","logo":{"@type":"ImageObject","inLanguage":"fr-FR","@id":"https://cscestran.fr/#/schema/logo/image/","url":"https://cscestran.fr/wp-content/uploads/2024/07/cropped-logo.png","contentUrl":"https://cscestran.fr/wp-content/uploads/2024/07/cropped-logo.png","width":167,"height":167,"caption":"Centre Socio-Culturel Coeur de Ville"},"image":{"@id":"https://cscestran.fr/#/schema/logo/image/"}}]}</script>
<!-- / Yoast SEO plugin. -->

Nous accueillons dans nos locaux, L&rsquo;assistant social de la Maison Nord Solidarité Gravelines Bourbourg le mardi matin L&rsquo;assistant sociale du Service Social Maritime le lundi 14h de 16h 1 fois par mois Les bénévoles de la FNATH le deuxième mercredi du mois à partir de 17h30
